
-4
Let u(r) = r + 4. Suppose 79 = -3*w + 64. Determine u(w).
-1
Let m(d) = d**2 + 5*d + 1. Let s be m(-2). Suppose 4 = 2*c - c. Let q(y) = c - y + 0 - y. Calculate q(s).
14
Let i(f) be the first derivative of -f**2/2 + 13*f - 55. What is i(0)?
13
Suppose 5*i + 4*b = -38, -i - b - 7 = -0*b. Let p = i - -13. Let f(r) = 5 - 8 - p*r + 4*r**2 + 4 + 0. Determine f(2).
11
Let r(b) = -b**3 - b**2 - b + 1. Let o(i) = 7*i**3 + i**2 + 7*i - 11. Let m(f) = -o(f) - 6*r(f). Let j(p) = -p**2 - 7*p - 5. Let h be j(-5). Calculate m(h).
0
Let y(t) = -t**2 + 11*t. Let v(w) = w**3 + 5*w**2 - 3*w - 17. Let x be v(-4). Let j be y(x). Let d(a) = -a - 1. Determine d(j).
-1
Let f(u) = -2*u**3 - 2*u**2 + u. Suppose -g + 5 = 4*p, -p = 5*g + 4*p - 10. Determine f(g).
-3
Let w(r) = -r**2 - 2*r - 5. Let n = 7 - 5. Suppose -2*b - 4*p = 28, 4*b - 2 + 28 = -n*p. Determine w(b).
-13
Suppose -7*b + 90 = 27. Let a(t) = t - 13. What is a(b)?
-4
Let j(s) = -2*s. Suppose -5*p + n - 31 = 2*n, -5*p = -4*n + 26. Let u = 11 + p. Suppose -15 = w + u*b + 15, -5*b - 25 = 0. Determine j(w).
10
Let p(n) = 12*n**2 - 2*n**2 + n**2 - 10*n**2 - 4*n**3 + 5 + 5*n**3 - 3*n. Give p(3).
32
Let n(c) = 2*c + 6. Let p(s) = -2*s**2 - 11*s + 2. Let z be p(-6). Determine n(z).
-2
Let o(k) be the second derivative of 5*k**4/4 + k**3/6 + 2*k. Let h(d) = 2*d + 1. Let w = -13 - -12. Let u be h(w). Calculate o(u).
14
Let j(l) be the third derivative of l**4/24 + l**3/6 - 40*l**2 - 3*l. Determine j(-4).
-3
Let x be 74/4 - (6 - (-30)/(-4)). Suppose p = 0, 5*v + 2*p + 2*p - x = 0. Let l(m) = m - 1. Give l(v).
3
Let a(d) = d**2 + 2 - d + 0*d - 5 + 3*d. Let f be a(-3). Suppose f*n = -3*n. Let b(o) = o**2 - 4. Determine b(n).
-4
Suppose -t = t - 4. Suppose 0 = -t*q + 4 - 12. Let p(y) be the first derivative of -y**2/2 - 8*y - 125. What is p(q)?
-4
Let y(n) = -5*n - 3*n + 2 + 7*n. Let h be y(2). Let p(z) = -z**3 + z**2 - 5. Calculate p(h).
-5
Let h(s) = -5*s**2 + 2*s + 1. Suppose -204 = 2*w - 208. Calculate h(w).
-15
Let v(k) = 123*k - 125*k + 7 + 4. Let g(o) = -3*o + 17. Let t(r) = -5*g(r) + 8*v(r). Let l(w) = w**3 + 6*w**2 + 4*w + 1. Let i be l(-5). What is t(i)?
-3
Let x(f) = 1 + 2*f**2 - 8*f + 1 - f**2 + 3. Let t(c) = -8*c - 2. Let h be t(-1). Determine x(h).
-7
Let x = -43 + 49. Let p(k) = k**2 + 10*k + 6. Let f be p(-4). Let o be (24/f)/((-2)/x). Let h(s) = -s**2 + 6*s - 2. Determine h(o).
6
Suppose 4*w + p + 32 = 0, 0 = w + 5*p + 9 - 1. Let n(b) = 5 - b**3 + 3*b**2 + 7*b + 0*b**2 - 12*b**2 - 14*b. What is n(w)?
-3
Let i(v) = -v**2 + 5*v. Let c be -9*(-4)/10 - (-6)/15. Calculate i(c).
4
Suppose 54 + 6 = -3*k. Let v(d) = 2*d + 20. Let m(o) = -4. Let n(i) = k*m(i) - 4*v(i). Determine n(-1).
8
Let t(m) = -m**2 + 4*m - 1. Suppose n - 5*n - 12 = 0. Let o = n - 4. Let p be (-37)/o - (-8)/(-28). Determine t(p).
-6
Let i be 27/(-15)*(-30)/6. Let s(n) = -2*n - 15. Give s(i).
-33
Let a(v) = v**3 - 6*v**2 - 10*v + 7. Let r(g) be the second derivative of -g**4/12 - 10*g**3/3 - 6*g**2 - 2*g. Let n be r(-19). Determine a(n).
-14
Let v(n) be the third derivative of 0*n + 0*n**3 + 0 + 4*n**2 - 1/24*n**4. Give v(4).
-4
Let x be 16/10*50/20. Suppose -12 = -x*h + h. Let t(c) = c**3 + 2 - 4*c**2 - 3*c + 0*c - h. Calculate t(5).
8
Let y(n) = -2*n - 3*n + 6 + 2*n + 1. Let f = 23 + -17. Let r be 8 + 7/((-21)/f). What is y(r)?
-11
Let w be (12/10)/(3/30) + -2. Let h(m) be the first derivative of -m**4/4 + 10*m**3/3 + m**2 - 13*m - 3. What is h(w)?
7
Let z(l) = l**3 + l**2 + 2*l + 2. Let w(v) = -v**3 - v**2 - v - 1. Let t(o) = 2*w(o) + z(o). Let m = 8 - 9. Calculate t(m).
0
Let c(k) be the first derivative of 7/2*k**2 - 1 - k - 1/3*k**3. Suppose 0 = -2*u - 4, -2*g - 5*u + 25 = 3*g. Determine c(g).
-1
Let b(c) = -3*c**2 + 5*c. Let p be (8 - 14)/((-2)/(-10)). Let d be 36/(-27)*p/4. Let m(n) = n**2 - 2*n. Let w(v) = d*m(v) + 4*b(v). Give w(2).
-8
Let g(d) = -d**2 - 8*d - 5. Let b be (-1)/(-1)*(17 + 0). Let o = -4 - 18. Let h = b + o. Calculate g(h).
10
Let d be (-36)/3 + 4 + 11. Let n(z) = -3*z**3 + 4*z**2 - 2. Calculate n(d).
-47
Let m = -26 - -28. Let r(z) = m*z + 4 - 2 - z. What is r(5)?
7
Suppose 2*w - 5*g - 1 = 0, 4*w + 2*g + 0*g = 14. Let t(c) = 9*c**2 - 2 - c**2 - 9*c**2 + 3*c. Determine t(w).
-2
Suppose 3*b - 8 = -6*i + 8*i, 5*b + 5*i - 55 = 0. Let h(r) = -r**2 + 2*r + 9. Give h(b).
-15
Let x be (6/3)/((-16)/64). Let k(m) = 2*m + 6. What is k(x)?
-10
Let b(f) = f**2 - 8*f + 7. Suppose -2*h = -6*h - 4, 3*k - 5*h = 29. Let o be 9/6 + 4/k. Let l = o - -3. Determine b(l).
-8
Let c(i) = -4*i - 7. Let a = -13 - -7. Let o be ((-1)/(-3))/(a/36) - 3. Give c(o).
13
Let x(d) = -4*d**3 + d**2 + 7*d + 1. Let p(l) = 6*l + 53. Let q be p(-9). Let y(t) = -t**3 + t. Let j(r) = q*x(r) + 5*y(r). Determine j(-2).
7
Let c(g) = -g**3 + 8*g**2 - 9*g + 10. Let d = -879 + 886. What is c(d)?
-4
Let j be ((-24)/40)/(1/(-5)). Let z be (-13)/78 - (-109)/6. Let o(b) = z + 3*b - 7*b - 16. Determine o(j).
-10
Let a(l) = -l**2 + l + 2. Let z = -1 - -3. Let y(j) = 3*j - 1. Let h be y(z). Suppose v - m = 0, -h*v + 2*v + m - 4 = 0. What is a(v)?
-4
Let v(s) = -7*s - 8. Suppose -2 = -2*y + 2. Let u(j) = -3*j - 4. Let l(k) = y*v(k) - 5*u(k). Determine l(3).
7
Let a(h) = 2*h + 4. Let z(b) be the second derivative of -b**4/12 - 11*b**3/6 - 7*b**2 - b. Let l be z(-10). What is a(l)?
-4
Let i(b) = 7*b + 1. Let y = -45 + 44. Calculate i(y).
-6
Suppose m = 4*v - 16, -3*m + m + 3*v - 7 = 0. Let a(x) = -12*x - x**2 - m*x**2 + x**3 + 16*x. Let c(l) = l**2 - l - 2. Let k be c(3). Give a(k).
0
Suppose 18*y - 17*y - 2 = 0. Let q(w) = -17 + 35 + y*w - 19 - w**2. Give q(4).
-9
Let j(q) = 90*q - 456. Let t be j(5). Let z(c) = -7*c - 38. Calculate z(t).
4
Let l = -53 + 54. Suppose -8 = f - 3*f. Let a(y) = -f + 3 + 2 + y. What is a(l)?
2
Let s(f) be the first derivative of 2*f - 1/3*f**3 + 5 + 3/2*f**2. Let a = 14 + -11. Give s(a).
2
Let t(n) = -2*n + 2. Suppose 4*d - 3 = 3*g, -5*d + 3*g + 12 = 2*g. Suppose -2*m - 7*b + 2*b - 14 = 0, 0 = -5*m - d*b + 3. Calculate t(m).
-4
Let w(q) = q**3 - 3*q**2 + 1. Let m(k) = -k**3 + 11*k**2 + 8*k - 19. Let t be m(11). Let a = 72 - t. Determine w(a).
1
Let h(n) = 3*n + 21. Let w be h(-7). Let v(m) = -3 + m + 0*m + 9. Calculate v(w).
6
Let v = -475 - -481. Let k(i) be the second derivative of -i**3/3 - i. Give k(v).
-12
Let r(z) = z. Let f be (-16)/(-10) - (-8)/20. Suppose 2*k = 4*q - 26, 2*q - 20 - 8 = -4*k. Suppose -f*m = q - 4. Determine r(m).
-2
Suppose -3*m + 17 = -5*s - 10, 0 = -4*s - 5*m - 29. Let p(t) = -5*t - 6. Let d(x) = x + 1. Let k(b) = s*d(b) - p(b). Calculate k(0).
0
Let m(y) = -2*y**2 + 4*y - 1. Suppose -69 = -4*b - 0*j - j, 46 = 3*b - 5*j. Suppose -b = 6*z - 5*z. Let n = z - -20. Determine m(n).
-7
Let y(l) be the first derivative of l**4/4 - 7*l**3/3 + 5*l**2/2 - 3*l + 130. What is y(7)?
32
Let d(x) be the third derivative of -x**6/120 - x**5/30 - x**4/24 - 9*x**2. Let v be d(-3). Let n = -10 + v. Let l(t) = -t + 3. What is l(n)?
1
Let c(k) = 13*k**2 - 26*k - 15. Let p(s) = 8*s**2 - 14*s - 8. Let w(o) = 3*c(o) - 5*p(o). Determine w(-5).
10
Let v(z) = -z**3 - 3*z**2 - 3*z - 4. Let a(y) = -y**3 + y**2 + y. Let l(h) = -a(h) - v(h). What is l(-3)?
-38
Suppose 186 = 5*j + 16. Let u = j + -28. Let v(k) = k**3 - 7*k**2 - 8*k + 6. Let g(b) = b**3 - 8*b**2 - 8*b + 7. Let h(l) = -2*g(l) + 3*v(l). Calculate h(u).
-8
Let r(v) = 8*v - 1. Suppose 7*f - 7 = 7. Suppose -2*a = 2*h - 6*h + 14, f*h = 2*a + 12. What is r(h)?
7
Let a(j) = -j**3 - j**2 - j + 56. Suppose 0 = 86*g - 93*g. What is a(g)?
56
Suppose -2*z + 52 = 16. Let d(m) = -3*m**2 - z - 15*m + 15 + 11*m. What is d(-2)?
-7
Suppose 5*p + 9 - 29 = 0. Let h be ((-30)/(-8))/3*4. Suppose 18 = 2*c - 3*m, -h*m - 14 = -p*c + 20. Let s(o) = o**2 - 6*o + 1. What is s(c)?
1
Let c(x) = -8*x. Let t be 3/(-4)*((-21)/9 - -1). Give c(t).
-8
Let b be 11/((-330)/(-36))*5. Let g(m) = 0*m**3 - 2 - m**3 + 7*m**2 - 3*m - 3*m. Calculate g(b).
-2
Let s(w) = -w**2 + 7*w - 8. Let j be 19/57 + 44/3. Suppose 3*n = -j, -2*b - 1 = -5*b - 4*n. What is s(b)?
-8
Let o be ((-2)/(-54)*3)/((-14)/(-189)). Let z(a) be the first derivative of a - o*a**2 + 2/3*a**3 - 3. Calculate z(2).
3
Let b(m) = -3*m + m - 1 + 0*m. Let j = 98 + -95. Suppose -j*q = 2*q + 15. Give b(q).
5
Let l = 10 + -7. Let d(t) = -t. Let i be 4 - (3 - 